220*v**2. Calculate the remainder when l(-21) is divided by u.
18
Suppose 2*v - 4713 = -4319. Calculate the remainder when 1178 is divided by v.
193
Suppose 6*j + 20 = z + 8*j, 2*z = j + 40. What is the remainder when 39 is divided by z?
19
Suppose -8*v + 3*a = -2395, 4*v + 240*a = 244*a + 1240. Let p = -53 + 91. Calculate the remainder when v is divided by p.
27
Let a be (10 - (-3 - 0))/(1/2). Let c(p) = -7*p + 199. What is the remainder when 43 is divided by c(a)?
9
Suppose 13*w + 1474 = 135. Let u = w - -112. What is the remainder when u is divided by 2?
1
Let l(b) = 16*b + 1270. Suppose 3*q + 4*u - 191 = 0, 67 = q + 4*u + 14. Calculate the remainder when q is divided by l(-79).
3
Let t = 7978 + -6863. Calculate the remainder when t is divided by 110.
15
Suppose 5*v - 5 = 0, -5*a - 10*v = -8*v - 2. Suppose a = 42*p - 18186 + 1302. What is the remainder when p is divided by 81?
78
Let p be (1 + 0)*(-12 + 19). Suppose p*g = -8*g + 1275. Calculate the remainder when g is divided by 9.
4
Suppose 0 = -2*k + 3*k - 23. Suppose 19*c + 605 = 22*c - 2*l, 4*c - 5*l - 795 = 0. Calculate the remainder when c is divided by k.
21
Let n = -18338 + 18573. Calculate the remainder when 1383 is divided by n.
208
Suppose 322 - 14 = 4*g. Let k(t) = -t**3 - 8*t**2 - 434*t - 3466. Calculate the remainder when g is divided by k(-8).
5
Suppose 101*o = 106*o - 2*r - 8838, 1 = r. What is the remainder when o is divided by 7?
4
Suppose 5*k - 9 = -x, 3 - 4 = x. Suppose 5*a - 2*j - 767 = 2*j, j + 308 = k*a. Let u = -49 + a. Calculate the remainder when u is divided by 27.
25
Let w(p) = -396 + 87*p + 69*p - 246*p. What is the remainder when w(-5) is divided by 7?
5
Calculate the remainder when 612 is divided by -3*(164/(-12) + 10).
7
Suppose -2*i - 212 = -4*b, b - 218 = -3*b - i. Let a = 80 - b. Calculate the remainder when 258 is divided by a.
24
Suppose -5*q - 5*w + 180 = 0, w + 168 = 5*q - 6. What is the remainder when 129 is divided by q?
24
Let a = 19635 + -17825. Calculate the remainder when a is divided by 41.
6
Suppose 3*p - 2*o = 1976, -3*p + 4*o = -467 - 1499. Suppose -11*n + 482 = -p. Calculate the remainder when n is divided by 16.
8
Let h = 15840 + -15790. Calculate the remainder when 67 is divided by h.
17
Suppose -6*k - 299 = -11*k + 4*t, 2*k - 114 = 3*t. What is the remainder when 832 is divided by k?
13
Let a(q) = q**3 - 15*q**2 + 47*q - 9. Let t be a(11). Let f = -14 + t. Calculate the remainder when 92 is divided by f.
2
Let i(k) = 3*k + 18. Let d be i(-5). Suppose -7*c + 2*c = t - 51, -5*t + 35 = d*c. Suppose 15*m = 13*m + c. Calculate the remainder when 33 is divided by m.
3
Suppose 3*b - 48 = d - 25, -4*d = -2*b + 12. Calculate the remainder when -1*1/b + 12079/376 is divided by 26.
6
Let m = -5056 - -11774. Calculate the remainder when m is divided by 60.
58
Let c(p) = -108*p - 56. Let o be c(12). Let h be o/(-6) - (-10)/(-30). Suppose -8*y + 3*y = -h. Calculate the remainder when y is divided by 12.
9
What is the remainder when 4344 is divided by (-2)/(2/158*(16 + -18 + 0))?
78
Let p = -4488 - -7556. What is the remainder when p is divided by 26?
0
Let i(g) = -g**3 + g**2 + 3*g - 2. Let t be i(2). Suppose 47*j - 56*j + 378 = t. What is the remainder when 373 is divided by j?
37
Suppose 7*k + 169 = 246. Suppose -16*p - k = -315. What is the remainder when 52 is divided by p?
14
Let j(h) = 0*h**3 - 2*h**3 - h**3 + 10 - 2*h**2 + 4*h**3. Let m be (0/3)/(-9 - -11). What is the remainder when 117 is divided by j(m)?
7
Let x(k) be the first derivative of -k**4/4 - 3*k**3 - 7*k**2/2 + 21*k + 11. Let w be x(-7). What is the remainder when 17 is divided by w/(-8)*(4 + 8/(-4))?
3
Suppose 436 = 20*w - 4*w - 3292. Calculate the remainder when 1168 is divided by w.
3
Let z = 273 + -448. Let a = 186 + z. What is the remainder when 48 is divided by a?
4
Suppose 9*r + 18*r - 2904 = -6*r. Calculate the remainder when 2106 is divided by r.
82
What is the remainder when -36 + 25 - (5 - 241) is divided by 12?
9
Suppose -7*w - 600 = -12*w. Suppose w*z - 121*z = 0. Calculate the remainder when 16 is divided by (-8)/4 - (z - 1)*8.
4
Suppose 49 = 11*w - 17. Suppose -187 - 221 = -w*m. Calculate the remainder when m is divided by (-148)/(-6) - 4/6.
20
Suppose -3*d + 4*d - 36 = 0. Suppose -k = g - 74, d*g - 33*g + 216 = 3*k. What is the remainder when k is divided by (-4)/10 + 132/5?
21
Let b(z) = 10*z**3 - 16*z**2 - 2*z + 0 + 2 + 16*z**2. Let g be b(1). Suppose 0 = -14*h + g*h + 252. Calculate the remainder when h is divided by 17.
12
Suppose -17 = -g + t, 0 = g + t - 4 - 13. Suppose -2*v + g = s, -5*s - v = -44 - 50. Calculate the remainder when 111 is divided by s.
16
Let m(n) = 26*n - 1227. Let z = -42 - -49. What is the remainder when m(49) is divided by z?
5
Suppose -6*q = -5 - 115. Suppose 5*c + q + 40 = 0. What is the remainder when 12 is divided by 2 + (-8)/c*6?
0
Suppose -24*n + 315 = -69. Suppose -3*j + 42 = -36. Let u = j - n. Calculate the remainder when 19 is divided by u.
9
Calculate the remainder when (-27)/((-6)/(-2)) + (-15)/(-60)*76 is divided by (6/(-4))/((-3)/4).
0
Suppose 0 = 11*p - 13*p + 6, 23 = 5*h + p. Suppose 2*y - h*r = -9*r + 65, 3*y - 101 = -4*r. What is the remainder when 208 is divided by y?
33
Let u = 25127 - 22783. What is the remainder when u is divided by 38?
26
Let b = 19362 - 19241. Let i = -25 + 67. Calculate the remainder when b is divided by i.
37
Let i(p) = p**3 - 12*p**2 + 9*p + 20. Let m be i(11). Let s be m + -2 + 63 + 1. Let d = 71 - s. Calculate the remainder when 53 is divided by d.
9
Let y = 6878 + -6709. Calculate the remainder when 485 is divided by y.
147
Let y(x) = -x**2 - 20*x - 44. Let h be y(-7). Suppose l = 0, t + 3*l + 17 - 6 = 0. Let g = h + t. Calculate the remainder when g is divided by 20.
16
Let v = 10366 + -10315. What is the remainder when 186 is divided by v?
33
Let d(a) = 563 - 1114 + 594 - a**2 - 14*a. Let g be (-24)/9*(6 + 0). Calculate the remainder when 41 is divided by d(g).
8
Suppose 7227 = 5*v + 4*d, -94*d = v - 91*d - 1430. What is the remainder when v is divided by 39?
8
Let t = 8121 + -7902. Calculate the remainder when t is divided by 56.
51
Suppose -2*a = -5*f - 652, -f + 326 = 5*a - 4*a. Suppose 2*z - 346 = 2*l, -3*z - 3*l = -z - a. Calculate the remainder when z is divided by 39 - (0 + -7 + 3).
40
Suppose 2*b = a - 35, -2*a + 0*a + 68 = -3*b. Suppose -15*q + 14*q + g = -17, -2*g + 34 = 2*q. Calculate the remainder when a is divided by q.
14
Let c(k) = -k**3 - 2*k**2 + 2*k. Let u be c(0). Suppose u = 110*i - 108*i - 272. Calculate the remainder when i is divided by 28.
24
Let p = -15 + 57. Let f be -4*(-3)/12*p/6. Suppose 137 + 31 = f*o. What is the remainder when 68 is divided by o?
20
Suppose 83*r = 137289 + 30952. Calculate the remainder when r is divided by 33.
14
Suppose -4395*r + 4388*r = -112. Suppose -z - 4*d - 24 = -5*z, 0 = 4*z - 3*d - 21. What is the remainder when r is divided by z?
1
Let a be ((-6)/(-5))/((-6)/(-30)). Suppose -l + a*l - 455 = 0. What is the remainder when l is divided by 32?
27
Let a(g) = -220*g + 843. What is the remainder when 383 is divided by a(3)?
17
Suppose 924 + 2665 = 37*l. Calculate the remainder when 475 is divided by l.
87
Suppose -10*r - k + 445 = -9*r, -2*k = -3*r + 1355. Suppose -9*x + r = 89. What is the remainder when 107 is divided by x?
27
Let t = 2469 - 2350. What is the remainder when 1181 is divided by t?
110
Let n = 17 + -12. Calculate the remainder when 282/2162*-115*(48/(-10))/1 is divided by n.
2
Suppose 7 = 2*y - 5*d, 3*y = -3*d + 15 + 6. Let o = -39108 - -39233. Calculate the remainder when o is divided by y.
5
What is the remainder when 203 is divided by ((-903)/(-105))/(2/10 - (-3 + 3))?
31
Let q be (-6*1/(-18))/(1/(-75)). Let c be 352 - (-5)/(q/(-10)). Suppose 0 = 8*y - 390 - c. Calculate the remainder when y is divided by 24.
21
Let n = -187 + 319. Suppose -130*u + 134*u = n. Calculate the remainder when 53 is divided by u.
20
Let l be (0 + 3)/(((-9)/(-74))/3). Let b = l - -111. Let v(q) = -12*q - 97. Calculate the remainder when b is divided by v(-12).
44
Let b(o) = -2*o + 25. Let g be b(11). Suppose d = -1 - g, t - 4*d = 20. Suppose -q - t*q = -160. Calculate the remainder when q is divided by 17.
15
Let q be ((-1716)/(-55))/(12/3